-1.
-4
What is the value of 5 + -3 + -4 + -1?
-3
-29 + (-5 - -27) - 4
-11
What is 28 + -28 - (-3 + (-2 - 27))?
32
-10 - (-2 - -2 - 3) - 0
-7
Calculate 21 - (9 + 10 + -1).
3
What is (8 - -2 - 5 - 0) + 7?
12
Calculate -7 - 4 - (-2 + (2 - 6)).
-5
What is the value of -11 + 0 - (-21 + 3 + -9)?
16
Calculate -40 - (-60 - -40) - -48.
28
Calculate -8 - (1 - -2 - (40 - 42)).
-13
Evaluate 6 + 7 - -10 - 14.
9
What is -6 + 17 + (8 - 3) + -4 + 8?
20
What is (-12 - 2 - -15) + -16 + (4 - 9)?
-20
3 - (1 - 0) - (-15 - (8 - 33))
-8
What is -6 - (5 + (9 - 30) + 3 + -5)?
12
(0 - 10) + 1 - (67 + 44 + -121)
1
What is the value of 16 + -11 + -4 - -11?
12
Evaluate 1 - 2 - (141 + -139 - (-5 + -2)).
-10
Calculate 34 + -30 - (-9 - (9 - 6)).
16
8 + -2 + -11 + 3 + (2 - -7)
7
Evaluate 17 + 3 + -23 - (-2 - 2).
1
Calculate (-70 - -53) + 1 + 1 + -1.
-16
Evaluate (13 + 1 - (14 + -12)) + (2 - 2).
12
What is -17 + 9 + -14 - -22?
0
Evaluate (-10 + 10 + 2 - 22) + 9.
-11
What is -11 - ((14 - 21 - (-4 - -1)) + -2)?
-5
Evaluate (0 - (-1 - 2)) + (-3 - (-12 + 14)).
-2
What is 11 - 1 - 6 - 16?
-12
Evaluate 2 - (33 + (-6 - 12)).
-13
What is the value of (1 - 2 - -4) + -4 + 11 + -1?
9
30 + (-19 + -18 - -17)
10
Evaluate -13 - ((10 - 13) + -5).
-5
Calculate -211 + 227 + (2 - 3 - 18).
-3
-26 - (13 - (-4 - -33)) - -28
18
What is (-12 + 2 - -30) + -1 + 1 + 9?
29
What is the value of 18 - (-17 + 49) - -10?
-4
What is the value of -7 - (-3 + 11 + -13 + -8)?
6
(5 + -8 - 17 - 5) + 0 - -5
-20
Calculate 2 + -22 + -25 + (13 - 3) + 11.
-24
Evaluate -20 + -9 - (4 - (-7 - (-12 + -8))).
-20
What is the value of -1 + (-6 - (0 + -1) - (-3 - 0))?
-3
What is -5 - (-21 + -10 + 6) - (-93 + 95)?
18
What is (281 - 303) + 0 + 7?
-15
Calculate -29 - -15 - (-3 + -11).
0
Calculate -6 + 23 + -6 + -21 + 23.
13
What is the value of 44 + -3 - (14 + -8 + (-2 - -6))?
31
-3 - (-4 - 18) - (43 + -19 - 17)
12
What is the value of -13 - (312 + -321 - (-5 - 0))?
-9
Evaluate 30 + 0 + -1508 + 1466.
-12
What is 11 - (-4 + 10) - (10 + 10)?
-15
Calculate (1 - -3) + (2 - 7) + 8 + -3.
4
What is the value of (-4 + 2 - -11) + -2?
7
Calculate 29 + (2 - 10) + -19.
2
Evaluate 306 + -344 - (-33 - 2).
-3
What is the value of 24 + -2 + 2 + (4 - -2 - 12)?
18
Evaluate (-10 - (-35 - -12 - -10)) + -13.
-10
-2 + (7 - -5) + (6 + -4 - -2)
14
What is (-7 - -11) + -7 - (-1 - -4 - 4)?
-2
Calculate (-386 - -389) + (6 - 1).
8
What is -6 - -1 - (6 + -10 + 15 + -35)?
19
Evaluate 1 + -10 + (-6 - -12 - 15).
-18
What is the value of 238 + -264 + (-2 + 8 - (-3 + 0))?
-17
Evaluate -4 + 2 - 54 - (-3941 + 3922).
-37
Calculate (-29 - (4 + (2 - 2))) + 64 + -57.
-26
What is the value of 42 + (-30 - 10) + (-1 - 1)?
0
(15 - -1) + (-496 - -465)
-15
What is the value of (-1 - (-7 - -19)) + -1 - -8 - 27?
-33
Calculate (7 - (-7 + 2)) + 13 + -20.
5
What is -6 + 10 + -6 + 6 + -3 + 3?
4
Evaluate -48 + (81 - (22 - 5)).
16
Calculate 22 + -15 + 8 - -3.
18
What is (2 - -2) + 13 + -21 + 9?
5
36 - (17 + -4 + 12 + -7)
18
Evaluate -7 - -28 - (89 - 85).
17
What is -22 + -18 + -8 + 47?
-1
What is 10 + -5 + (7 - (11 - 6)) - 0?
7
What is 10 + (45 - 26) + (0 - 12)?
17
What is the value of -6 - (-593 - -593 - (-1 + 2 + -17))?
-22
Calculate -4 - (9 + -7 + -4 + -13).
11
Calculate (-1 - 13) + (20 - 4).
2
-16 - (15 - (11 - 5) - 14)
-11
What is (-22 + 9 - 3) + 19?
3
-42 + (16 - 0) - -17
-9
What is 27 - ((12 - 11) + 14)?
12
Evaluate (-72 - (2 - 26)) + 26.
-22
What is 80 + -84 - (17 - -1)?
-22
What is (-46 - -38) + 28 + -31?
-11
What is the value of (-7 - 1 - -5 - -1) + -1 + -7?
-10
What is the value of (-10 - 3) + (-93 - -99) - (-2 + 25)?
-30
5 + (7 - 17) + (1 - 1)
-5
3 - 13 - -26 - 5 - 5
6
Calculate -16 - -15 - (-6 - -5).
0
What is -234 - -261 - (18 - -2)?
7
Evaluate 1 - (-2 - 24) - 19.
8
What is -12 - 15 - (-31 + 13)?
-9
What is the value of (10 - 18 - 1) + 3 + 29 + 3?
26
What is -36 - -9 - (-34 + 7)?
0
Evaluate (-5 - (0 - -5 - 2)) + 31 + 5.
28
Evaluate -21 - -6 - 17 - (-5 + -5).
-22
What is the value of -9 + 8 + 16 + -11?
4
What is -96 - -99 - (2 - -15)?
-14
Evaluate 105 + -115 + 13 + 1.
4
Calculate (1 + 18 - (19 + -16)) + (-95 - -103).
24
-4 + 7 + 0 + (-3 - -7) + -7
0
Evaluate -8 + 1 + -7 - (6 + (7 - 9)).
-18
Calculate 35 + (18 - -5) + -33.
25
Calculate -178 + 181 - (9 - 0 - (3 - 1)).
-4
What is -6 + 8 + 8 + (-10 - -6)?
6
-24 + 16 + -25 + 16
-17
What is (55 - 48 - (0 - -4)) + 1 + 13?
17
Calculate 21 - (-16 - (-7 + -15 - -10)).
25
What is the value of 9 + (8 - (10 + -12 + -2))?
21
-6 - -37 - ((4 - 35) + 44)
18
What is -1 - (-2 + -12 + 24)?
-11
Evaluate (3 - -2) + (-21 - -5) - (-2 + 1).
-10
What is -2 + 5 + 2 - (-35 - -24)?
16
What is (28 - 1) + -5 + -1 + 2 + -2?
21
What is the value of 31 + -17 + -5 - (-2 - -2)?
9
Calculate 6 - (10 + -3 - (26 + -23)).
2
What is 6 + -11 + 20 - 4?
11
What is the value of 0 + -28 - (-19 - 9 - -7 - -14)?
-21
What is the value of (22 - 13) + -6 + (2 - 0)?
5
(-4 - (7 - 13 - 4)) + -24 + 1
-17
What is -3 + 7 + -3 - (-19 - -24)?
-4
-9 + 47 + -27 + -3 + 15
23
What is the value of 0 + (-7 - -10) + 2 - 0?
5
Evaluate 11 + (-2 - (-9 - -14)).
4
What is 1 + -8 - (2 + -7 - -16)?
-18
Calculate -6 + (28 + -7 + 1 - -4) + -2.
18
-3 + (-17 - -7 - -5)
-8
Calculate 7 + -1 + (-5 - (-9 - 5)).
15
3 + 2 - (-20 - (-19 - 1))
5
Calculate 36 + (-24 + 1 - -2 - -4 - -11).
30
2 + -4 + -8 + 0 + (792 - 785)
-3
What is the value of 5 + (2 - 40) - -18?
-15
Evaluate 6 - (0 - 0 - -1) - (1865 + -1835).
-25
63 + -81 + (8 + 1 - 0)
-9
Evaluate 1 + -16 + 11 + -3.
-7
What is 7 - (1 + (-4 - (-4 - 4)) - 6)?
8
7 + -17 - -2 - (0 - 2 - -7)
-13
What is 3 + (11 - (25 - 4)) - (0 + 0)?
-7
Evaluate -17 + 8 + 6 - -12.
9
What is 10 + -1 + -2 + -4 + 6 + 1?
10
-3 + 1 + 42 + -13 + -23
4
-2 + -1 + (17 - -3)
17
-19 + -9 + 15 + (-3 - -4)
-12
(2 - 6 - (1 - -2)) + -23 + 17
-13
(-65 - -56 - (-7 - -1)) + -17
-20
Evaluate 5 - (-14 - -4 - -3) - (5 + -3).
10
0 - 2 - (-6 + 16 + -3 - 4)
-5
Calculate (-9 - (-16 - (11 - 40))) + (3 - -7).
-12
What is (30 - 42) + (-14 + 10 - (1 - 8))?
-9
What is -18 - (-15 + (-28 - -20))?
5
7 + (-4 - (5 - (5 - (0 - -7))))
-4
What is -7 + (-17 - 0 - (-15 + 28 + -17))?
-20
What is -4 + 17 + 0 + -14 + -3?
-4
Evaluate (-1 - (-4 + 11) - -13) + -18.
-13
Calculate 3 + (-31 - -33) + (2 - 10) + -4.
-7
What is 22 - (27 - (0 - 11))?
-16
Calculate -5 - (-4 + -13) - (2 - (-1 - 3)).
6
-6 + (-15 - -8 - -12 - 0)
-1
Calculate (89 - 98) + -3 + 0.
-12
Calculate 1 + 21 + (-16 - 25).
-19
What is the value of (-63 + 43 - 1) + (2 - 1)?
-20
What is (10 - 22) + -8 + 10?
-10
Evaluate (8 - 18) + -1 + 22 - (-5 - -4).
12
1 - ((-15 - -35) + -13)
-6
What is 30 + (13 - (23 + -9))?
29
Evaluate (-4 - -11) + -11 + 9 + 5 + 0.
10
-1 + 20 - (-1828 + 1865)
-18
(24 - 42 - -20) + (3 - -24)
29
Calculate (18 - 63) + 27 + -1.
-19
Evaluate (35 + -27 - (3 - 7)) + 3 + 2.
17
What is 2 - (0 - -5 - (-45 + 16 - -28))?
-4
-9 - (-9 + (8 - 1) - 5)
-2
What is the value of 410 - 417 - (0 + -1 - -12)?
-18
What is -2 + -4 - (-22 + 34 - 48)?
30
What is the value of (29 - (-1 - -1)) + (-4 + -10 - -5)?
20
Calculate -9 + 1 + -6 - -6 - -1.
-7
Evaluate 2 + (-4 - -15 - 17).
-4
Evaluate 25 - -1 - (-2 + (0 - (-16 + 7))).
19
(-5 - -8 - -5) + (9 - 9)
8
-1 + -5 + (19 - 2) + -13 - 3
-5
Calculate 12 - (-15 + 18 + 1 - -7).
1
Evaluate (6 - (-24 + 34)) + (1 + -1 - 0).
-4
What is 0 + 6 + -17 + 16 - 14?
-9
Evaluate 5 + -17 + (-1 - -29).
16
Evaluate 643 - 618 - (-1 - -3).
23
-20 - (-12 + (16 - 8))
-16
Evaluate -67 + 38 + -10 + 13.
-26
-13 - (-23 + (8 - -10))
-8
Calculate 2 - (-4 + -4 - (10 - 26)).
-6
Evaluate 14 + -10 - (2 - 9) - -11.
22
Calculate 2 - (-5 - -11 - 16).
12
What is the value of (3 - -5) + -21 - (-2 - (3 + -3))?
-11
What is 40 - (-33 - -55) - (-2 - -51)?
-31
What is (-5 - -6) + -6 + 1 + 0?
-4
-111 + 96 + 6 + 18
9
What is the value of (43 - 17) + -39 - 9?
-22
10 - (39 + 0 - (62 + -48))
-15
What is -1 + (1 - -11 - -3)?
14
What is the value of 67 + -77 + -1 + -1?
-12
Calculate 14 - (-6 - (-3 + -7 + (5 - 1))).
14
What is 6 - -7 - (3 - (-1 + 1))?
10
Evaluate 1 - (-15 - -34) - -15.
-3
Evaluate -33 + 42 + (-9 - 8).
-8
Evaluate 20 - (-9 - -21) - -3.
11
(-9 - -30 - 20) + 14
15
What is the value of (-10 - -17) + (0 - -5) + -25?
-13
Evaluate 19 + (1 - 4) - (87 - 89).
18
Evaluate -3 - -1 - (-26 - -12).
12
Evaluate 0 + 5 - (-32 + (-68 - -137)).
-32
What is 1 - 9 - (0 + (-1